**5/12 - c**4/4 - 4*c**3/3 - c**2. Let x be v(-6). Let n be x/(-12) - (-8)/6. Determine b(n).
0
Let t(f) = -f + 13. Let s be t(10). Suppose 0 = -5*y + s*m, 0 = 2*y - 5*y - 5*m. Let l(w) = w - 6. What is l(y)?
-6
Let b(s) be the third derivative of 1/4*s**4 + 1/12*s**5 + 0 + 4*s**2 + 1/3*s**3 + 1/120*s**6 + 0*s. Let k = 0 + -4. Calculate b(k).
-6
Let f(g) be the third derivative of -g**4/24 - g**3/2 - 4*g**2. Let s be f(-9). Let m(t) = -t**2 + 5*t + 7. Give m(s).
1
Let l(n) be the first derivative of 5*n**4/4 + 2*n**3/3 - n**2/2 + 18. What is l(1)?
6
Let j(x) be the first derivative of -2*x**3/3 + x**2/2 - 384. Let u(b) = b**2 - 2*b + 1. Let z be u(1). Suppose 6*g - 2*g - 8 = z. What is j(g)?
-6
Let f(y) be the second derivative of y**4/12 - y**2 + 2*y. Suppose 2*v = 5 + 1. Give f(v).
7
Let h(j) = -2*j - 12 + 2*j + j. Let w(l) = l - 13. Let y(s) = 5*h(s) - 4*w(s). Suppose 3*i - 6 = 6. Give y(i).
-4
Let a be (-3)/(-18) - (-105)/18. Let n(k) = -a + 0*k**2 + 8*k - k**2 + 0*k. Determine n(5).
9
Suppose -4*p + 5*g = -48, 5*p - 2*g - 50 = 27. Let s = p - 21. Let t(y) = y**2 - 2*y**2 + y**3 - 6 + 3*y**2 - 7*y. What is t(s)?
-10
Let t(v) = -v - 4. Let p be t(-3). Let h(c) = -6*c + c + 0*c. Determine h(p).
5
Suppose -3*p + 5 = -3*m - 2*p, -m + p = 1. Let w(q) = -q**3 - 2*q - 1. What is w(m)?
11
Let g(v) = -v**2 - 8*v + 12. Let k = -24 + 15. Let w be g(k). Let t(l) = -w + 4*l - 8*l + 2*l. Give t(-4).
5
Suppose 0 = -r + 34 - 30. Let m(o) = o**2 - 5*o. Give m(r).
-4
Let j(k) = -2*k + 1. Let g be 1/(-2 + (-12)/(-8))*1. Give j(g).
5
Let r(u) be the third derivative of -u**4/12 - u**3/3 + u**2. What is r(4)?
-10
Let i(v) = v**3 + 15*v**2 + 14*v**2 + 2*v - 4 - 33*v**2 + 9*v**2. Determine i(-4).
4
Let m = 6 + -3. Let u be (m/3)/((-3)/(-6)). Let h(f) = -f**2 + 3*f - 1. What is h(u)?
1
Suppose -5*t + 20 = 5*q - 3*t, -4*q - t = -19. Suppose -3*x - 15 = 4*f, -5*x + q*x - 5*f - 14 = 0. Let r(a) = -2*a**2 - 1. Calculate r(x).
-3
Let w(r) = r**2. Let a be w(1). Let v be a/(4/(-10))*-2. Let y(o) = -o. Let l be y(v). Let c(s) = s**2 + 5*s - 2. Give c(l).
-2
Let h(g) = g**2 - 6*g - 2. Let t be h(7). Let d be (3/(-9))/((-2)/12). Let p(y) = -3*y - 5*y**d - 2*y - 6 + 6*y**2. Give p(t).
-6
Let w(b) = 3*b**3 - b**2 + b + 3. Let x(p) = -p - 1. Suppose 3 + 5 = -4*f. Let j(i) = f*x(i) - w(i). Determine j(1).
-2
Suppose 8*l - 6 = -30. Let s(n) = -n**2 - 6*n + 1. Calculate s(l).
10
Let b(g) = 2*g + 7. Let r(k) = -k - 4. Let c(n) = -4*b(n) - 7*r(n). What is c(6)?
-6
Suppose 3*z - 10 = 5*s, s - z = -3 - 1. Let u(a) be the second derivative of 7*a**3/6 - a**2/2 + 3*a. Determine u(s).
6
Let m(y) = 9*y + 7. Let v(s) = 28*s + 22. Let r(l) = 14*l + 11. Let a(w) = -7*r(w) + 4*v(w). Let h(k) = -5*a(k) + 8*m(k). Calculate h(-2).
-3
Let g be (-64)/(-48)*(-12)/1. Let c = g + 15. Let u(p) = 3*p**2 + p + 1. Calculate u(c).
3
Suppose -3*f - 3 = -18. Let h = -2 + 5. Let b(t) = t**h - 6*t**2 - 2*t + 0*t + 1 + 8*t. Determine b(f).
6
Let s = -10 + 16. Let p(a) = -3*a**2 - a**2 + a + s*a**2. Calculate p(-2).
6
Let d(m) = 13*m + 13. Let n = -40 + 28. Let z = n + 3. Let w(l) = -3*l - 3. Let t(v) = z*w(v) - 2*d(v). What is t(-5)?
-4
Let p = 2 + 0. Let a(i) = 9 + p*i - 4*i + i + 0*i. Determine a(0).
9
Let x be -2 - (-13 - (1 + -3)). Let v = x - 5. Let w(z) = -1 - v*z + 2*z - 2*z. Determine w(-1).
3
Let v be 3 + 2/(-6)*3. Let p(b) = -5*b - 1 + 0*b + 4*b**3 - 5*b**3 + b + 5*b**v. What is p(3)?
5
Suppose -4*q = -b - 18, 0*q + 2*q = 8. Let f(o) be the first derivative of -o**2 + o - 1. Calculate f(b).
5
Let d(l) = -6 + 2*l**2 + 6*l - 3*l + 2. Suppose -g + 8 = -2*r + 19, -4*g + 3*r = 24. What is d(g)?
5
Let b(o) = -o - 19. Let f be b(-12). Let s(i) = i**2 + 8*i + 1. What is s(f)?
-6
Let t be 1/(-2 + -1)*-3. Let h = t - 5. Let g(f) = -f - 3. What is g(h)?
1
Let m be 6/9*(2 + 1). Let c(f) be the second derivative of 0 + m*f - 1/6*f**3 - 3/2*f**2. Determine c(-4).
1
Let r = 21 - 16. Let o(m) = -4*m + 10. Let c(n) = -2*n + 5. Let v(a) = -11*c(a) + 6*o(a). Determine v(r).
-5
Let f(c) = -3*c**3 - c**2 + 3*c. Let i(o) be the first derivative of -5*o**4/2 - o**3 + 5*o**2 + o - 1. Let k(w) = -7*f(w) + 2*i(w). Give k(-2).
0
Let o(g) be the third derivative of 0*g**4 + 0*g + 7*g**2 + 0*g**3 - 1/60*g**5 - 1/40*g**6 + 0. Determine o(-1).
2
Let f = 148 + -155. Let k(y) = -y**2 - 8*y + 9. What is k(f)?
16
Let d(f) = -2*f**3 + 4 + f**3 - 8*f - 3 - 10*f**2. Let r(u) = u**3 + 9*u**2 + 7*u - 1. Let j(s) = -3*d(s) - 4*r(s). Calculate j(-5).
-4
Let k(s) = -s**3 + 5*s**2 + 3*s. Let n(o) = o - 3. Let y be n(8). Let i be k(y). Suppose -5*m = 2*u + 6 + 16, 3*m + 3*u + i = 0. Let f(h) = h + 2. What is f(m)?
-2
Suppose f - 2*i - 6 = 0, f - 4*i = -9*i - 29. Let b(l) = -l**2 - 4*l. What is b(f)?
0
Suppose 19*u - 15*u - 28 = 0. Let q(p) = p**2 - 6*p - 13. Let k be q(u). Let s(g) = 2*g + 3. Determine s(k).
-9
Let h(j) be the first derivative of j**5/120 + j**4/8 + j**3 - 1. Let o(z) be the third derivative of h(z). Calculate o(-4).
-1
Let c = 1 + -1. Let n = c + 1. Let i(j) = -n - 5*j + 3*j + 5. Determine i(3).
-2
Let c = -3 - -7. Let y be 6/c*(-5 + 3). Let j(g) be the second derivative of g**4/12 + 2*g**3/3 - 2*g**2 - g. Give j(y).
-7
Let c be (-28)/(-6) + (-6)/9. Let r be c/(-10) + (-7)/(-5). Let t(k) = -27*k + 2 + 27*k - 3 - 5*k**2. Determine t(r).
-6
Let o(l) = l**2 + 6*l + 5. Let f be o(-6). Let t = 5 - f. Suppose t*k = -k. Let r(m) = -m**3 + m**2 - m + 8. Calculate r(k).
8
Let c(z) = z - 68 + 68. What is c(3)?
3
Let b(i) be the third derivative of -11/24*i**4 + 0 + 0*i - 1/6*i**3 + i**2. Determine b(-1).
10
Let t(z) = z**3 - 5*z**2 - 7*z + 9. Let m be t(6). Suppose -b = m*i + 1 - 7, 3*b - i = -2. Let q(d) = d - 8. Calculate q(b).
-8
Let w(r) = r**3 - r**2 - 1. Let q be w(1). Let y be -1 + q + 1 + -4. Let m(l) = l**2 + 4*l + 4. What is m(y)?
9
Let o be ((-3)/6)/(5/(-20)). Let s(x) be the second derivative of 0 + x**o - 3*x + 1/2*x**3. What is s(-3)?
-7
Let t(j) = -j**3 + 5*j**2 - j - 1. Suppose 4*x + 0*o - 4*o = 32, 3*x + 3*o = 6. Give t(x).
-6
Suppose 3 = z - 2*z. Let k(p) = 4*p**2 + 4 - 4*p**2 - 2*p**2. What is k(z)?
-14
Let z(q) = q**2 - 5*q - 1. Let b(v) = v. Let o(s) = -11*b(s) - 2*z(s). Suppose 5*h + 3 = -2. Let l = h - 1. Calculate o(l).
-4
Let u(t) = -3 + 7*t**2 - 4 - t**3 + 2*t - 5*t + 0. Determine u(6).
11
Let l(j) = -j**2 + j. Let p be (-240)/11 - (-2)/(-11). Let d = p - -20. Give l(d).
-6
Suppose 0 = -4*a - p + 4 + 5, 2*p = a. Let l(k) = -k - 2. Let x(q) = -2*q - 3. Let f(j) = a*x(j) - 5*l(j). What is f(-4)?
0
Let f(i) = -i**2 + i + 2. Let d be (-5)/((-175)/(-15))*-7. Calculate f(d).
-4
Suppose 0 = -5*p + n + 3*n + 17, 3*p + 12 = -5*n. Let r(z) = 36*z + p - 37*z + 9 - 3. Calculate r(-5).
12
Suppose v = -v + 4. Let s(g) = -3*g + 0 + 5*g + 1 + v*g**2 - 2. Give s(1).
3
Let h = 3 - 0. Suppose -2*q - 15 = -17. Let r(s) = -q + h - 3*s + 0. Calculate r(2).
-4
Let y(a) = -a + 1. Suppose -4*d + k + 11 = 4*k, d - 24 = -5*k. Determine y(d).
2
Let u(g) = g - 1. Let y(c) = -c**3 - 4*c**2 - 4*c - 1. Let j be y(-3). Let i = 23 - 18. Suppose 0*k + 20 = -j*k - 2*n, -20 = i*k - n. Give u(k).
-6
Let z(k) be the first derivative of k**4/4 - k**3 - 3*k**2 + 3*k - 1. Suppose 3*a + 3 = -3*n, -2*a - 13 = a + 5*n. What is z(a)?
-5
Let a(n) = 7*n**3 - 3*n**2 + 3*n + 2. Let k(f) = 15*f**3 - 5*f**2 + 5*f + 3. Let h(p) = -5*a(p) + 3*k(p). Calculate h(1).
9
Suppose -7*v + 6 = -5*v. Let g(f) = f**3 + 0*f + 3 + 0 + 3*f - 5*f**2. Calculate g(v).
-6
Let q(w) = 2*w - 5. Suppose -3*i = -6*i + 6. Let o(d) = d - 2. Let g(f) = i*q(f) - 5*o(f). Give g(6).
-6
Let i(c) be the third derivative of c**4/24 + c**3/3 - 11*c**2. What is i(-3)?
-1
Let f(o) = -o**3 - 2*o**2 - 2*o - 1. Suppose 4*p = 9*p - 10. Suppose -v - 4 = k, p*v = k + v - 2. Determine f(k).
0
Let q(o) = 3*o + 6*o + 12 - 10*o. Let d be q(9). Let u(b) = b**2 - 2*b - 4. Give u(d).
-1
Let t(s) = s**3 - 6*s**2 - 6*s - 8. Let z be t(7). Let p(q) = -8*q**2 + 5*q - 4. Let n(o) = -17*o**2 + 11*o - 9. Let y(v) = -4*n(v) + 9*p(v). Determine y(z).
-5
Let i = -12 - -15. Let x(v) = 0 + 2*v - i*v**2 - 2 + 4*v**2 + 3. Calculate x(-1).
0
Let z(t) be the first derivative of t**2/2 + t - 9. Give z(-5).
-4
Suppose 0 = -h - 0*h - 6. Let m(o) be the third derivative of o**4/12 + o**3 + o**2. Determine m(h).
-6
Let y(d)